et f be (20/(-2))/(4/l). Suppose 2*u = -2*u - 5*c + 33, -45 = -5*u - f*c. What is the remainder when 21 is divided by u?
9
Let d(g) = -11*g - 50. Calculate the remainder when d(-21) is divided by 13.
12
Suppose 4*i - 10 = 10. Suppose 0 = -0*n - n + i. Suppose -n*s = 2*u - 139, -3*u - 48 = -0*s - 2*s. Calculate the remainder when s is divided by 7.
6
Let q(w) = -w**2 - 10*w - 15. Let c = -8 - -12. Suppose 13 = -c*b - 15. Calculate the remainder when 21 is divided by q(b).
3
Let h be -4*1 - (-88)/(-11). Let j be (h/16 - 0)*-4. Suppose j*r - 17 = 4. What is the remainder when 18 is divided by r?
4
Let v(w) = w**3 + 2*w**2 - 42*w - 22. Calculate the remainder when 111 is divided by v(-7).
3
Let q = 4 + 56. Let p(r) = 2*r + 6. Let o be p(3). Let b(i) = 2*i - 3. Calculate the remainder when q is divided by b(o).
18
Suppose 4*o = h - 59, 2*o = 3*o. Suppose 11*n - 12*n + 31 = 0. What is the remainder when h is divided by n?
28
Let g(b) = b**3 - 15*b**2 + 31*b - 29. Calculate the remainder when 58 is divided by g(13).
22
Let z be -2 - 7/(28/(-24)). Suppose 345 = p + z*p - 5*w, 4*w = -4*p + 252. Calculate the remainder when p is divided by 17.
15
Suppose -4*c + 24 = -0*c. Calculate the remainder when (-3 - 74/(-4)) + (-3)/(-2) is divided by c.
5
Let z = 47 + -20. Let v = 29 - z. Suppose -2*r - 5*s + 10 = 0, -s - 1 = v*r - 11. What is the remainder when 14 is divided by r?
4
Suppose 0 = 4*o - 129 - 119. Let j = o - 36. What is the remainder when j is divided by (-20)/6*(-18)/4?
11
Let i = -25 - -57. Let m = -23 + i. Calculate the remainder when 25 is divided by m.
7
Let w = -84 - -293. Suppose 0 = -11*n - 0 + w. Let i(z) = z**2 + 1. What is the remainder when n is divided by i(2)?
4
Let u be (-1 - 2)/3 - (-2 - 1). Suppose -4*m + j = -25, 2*m + 8 - 16 = u*j. Calculate the remainder when m is divided by 5.
2
Let f = -52 - -78. Calculate the remainder when f is divided by 3.
2
Let c = -102 + 141. What is the remainder when c is divided by 6?
3
Suppose d = -664 + 701. Calculate the remainder when 221 is divided by d.
36
Let y(t) = 12*t + 114. What is the remainder when y(-7) is divided by 20?
10
Suppose -45*w + 3323 - 758 = 0. Calculate the remainder when 119 is divided by w.
5
Suppose 0 = -40*t + 9*t + 806. Let j be ((-4)/2)/(2/(-4)). Suppose -j*h + 320 = 4*g - 0*h, 3*g = -4*h + 243. What is the remainder when g is divided by t?
25
Let y(a) = -4*a - a**2 - 161 - 13*a + 138. What is the remainder when 25 is divided by y(-15)?
4
Let a(f) = -f**2 + 19*f + 23. What is the remainder when a(10) is divided by 29?
26
Let o(y) = -16*y + 7. Calculate the remainder when 73 is divided by o(0).
3
Suppose 0 = 3*z - z + 106. Let b = 113 + z. Calculate the remainder when b is divided by (2 + 4)/(10/105*3).
18
Suppose -m = 2*m - 72. Suppose -3*a + 8 = -10. Suppose a*c = 5*c + 45. Calculate the remainder when c is divided by m.
21
Let o = 194 + 56. What is the remainder when o is divided by 11?
8
Suppose 152 = 4*o + m, o - 6*o + 169 = -4*m. Calculate the remainder when o is divided by 27/2 - (-4)/(-8).
11
Suppose 0 = j + 3*j - 4*a - 188, -3*j + 129 = 3*a. What is the remainder when j is divided by 23?
22
Let b(a) = -2*a + 5. Let z be b(-8). Calculate the remainder when 9 is divided by 6/(-21) - (-132)/z.
3
Suppose -2*l + 10 = -2. Suppose -l = -2*f - 3*v, 3*f + 2 = -v + 4. Suppose 4 = -f*w + 2*w. Calculate the remainder when w is divided by 1.
0
Let k(l) = -l**3 - 6*l**2 + 9*l + 9. Suppose 21 = -23*t + 20*t. Let u be k(t). Calculate the remainder when 19 is divided by 22/4 - u/(-10).
4
Suppose 3*v + 12 = 0, 3*j - 9*v = -6*v + 30. Suppose 4*t = -5*m + 67, 5*m - j*t + 5*t = 77. Calculate the remainder when 89 is divided by m.
14
Let u(x) = x**3 + x**2 + x + 2. Let y be u(0). Suppose 4*q - 4*h - 533 = h, -y*h - 266 = -2*q. Let s = -45 + q. What is the remainder when s is divided by 18?
15
Let s be (-85)/(-20) + -4 - (-1)/(-4). Suppose s = -5*j + 43 + 392. What is the remainder when j is divided by 44?
43
Calculate the remainder when ((-4)/(-6))/((-1096)/366 + 3) is divided by 18.
14
Let u(v) = 3*v + 7. Let x = 7 - 1. Calculate the remainder when u(x) is divided by 13.
12
Let t be 3 - (-2*4)/4. Suppose 134 = t*k - 326. Let p = k + -47. Calculate the remainder when p is divided by 24.
21
Let w(n) = -21*n**3 + 4*n**2 + 3*n. Let l(m) = -m + 8. Let i be l(6). Suppose i = -k, 14 = 3*r - 2*k + 4*k. What is the remainder when w(-1) is divided by r?
4
Suppose 15 = 5*q, 4*q + 115 = 4*o - 125. Suppose -3*l = -k - 14, 0*k + l + o = -2*k. Let v = -12 - k. What is the remainder when v is divided by 6?
5
Let w = 925 + -835. What is the remainder when w is divided by 39?
12
Suppose 2*d = 30 - 12. What is the remainder when 34 is divided by d?
7
Let b(l) = l**3 + 7*l**2 + l - 8. Let v = -91 - -87. What is the remainder when b(v) is divided by 13?
10
Suppose -6*g + 334 = -1766. Calculate the remainder when g is divided by 59.
55
Suppose -10*n + 2*n = -48. Suppose 0 = -n*z + 18 + 36. What is the remainder when 23 is divided by z?
5
Let n(y) = -y**3 - 2*y**2 - y + 4. Let j be n(-2). Suppose 49 = j*g - 179. Calculate the remainder when g is divided by 10.
8
Let r(j) be the third derivative of 7*j**5/12 + 5*j**2. Calculate the remainder when 69 is divided by r(-1).
34
Suppose 5*i + 5 = k - 17, -5*k + 3*i + 66 = 0. Suppose 4*y + k = -3*g - 0, -6 = 2*y - g. Calculate the remainder when (28/(-12) - y)*63 is divided by 15.
12
Let i(d) = -d**2 - 5*d + 19. Let q be 141/(-27) - 2*2/(-18). Calculate the remainder when i(q) is divided by 5.
4
Suppose -51*v + 2 = -50*v. Calculate the remainder when 55 is divided by (v + -72)/(-5) + 0.
13
Let a(u) = -u**3 + 18*u**2 - 33*u + 379. What is the remainder when a(14) is divided by 39?
38
Let w = -5 + 3. What is the remainder when (25 - -1)/(-6 - (-9 + 2)) is divided by w/(-8) - 70/(-8)?
8
Suppose -64 = -3*a + 11. Calculate the remainder when 72 is divided by a.
22
Suppose 0 = -8*i + 7*i + 2. Let k = 0 + i. Suppose 4*b + 3*s - 77 = 0, -s = -5*b + k*b + 48. What is the remainder when b is divided by 9?
8
Let p = -756 - -780. Calculate the remainder when 34 is divided by p.
10
Let w(n) = 17*n**2 + 168*n + 11. Let b(v) = -3*v**3 - v**2 - 1. What is the remainder when w(-10) is divided by b(-2)?
12
Suppose 4*v - 3*x - 19 = -4*x, 4*x + 4 = 0. Suppose -v*a + i + 2*i + 97 = 0, 24 = a + 4*i. Calculate the remainder when (-1)/((-60)/59 + 1) is divided by a.
19
Let a = -46 - -73. Suppose r - 4*r + a = 0. What is the remainder when 42 is divided by r?
6
Let g(y) = -5*y - 2 + y**2 + 2*y**2 + 4 + 15*y**3 + 2. What is the remainder when g(2) is divided by 32?
30
Suppose 4*a - 32 = 2*a. Calculate the remainder when (-6)/(-12)*-4 + 48 is divided by a.
14
Let f be 16/(-6)*15/5. What is the remainder when 150/8 - 2/f is divided by 11?
8
Suppose -2*w + 25 = 3*k, 5*k - 20 = w - 0*k. Suppose w*u + 143 = -47. Let b = -13 - u. What is the remainder when b is divided by 14?
11
Suppose -24*h + 28*h - 31 = -z, h - 79 = -5*z. Let b(s) = -s**3 + 5*s**2 + 6*s - 2. What is the remainder when b(5) is divided by z?
13
Suppose 26 = 19*d - 107. Calculate the remainder when 15 is divided by ((-2)/(-3))/(((-14)/(-15))/d).
0
What is the remainder when 194 is divided by ((-24)/(-10))/(6/30) + -5?
5
Suppose -6*y = 5*c - 3*y - 1423, -4*c + 2*y + 1156 = 0. Calculate the remainder when c is divided by 32.
31
Suppose 208 = -18*b + 34*b. Calculate the remainder when 220 is divided by b.
12
Suppose 11*r = r - 10. What is the remainder when r/(-5) + 669/5 is divided by 27?
26
Suppose -4*x + 433 = -4*d + d, 2*d + 218 = 2*x. Suppose 5*q = 7*q - x. What is the remainder when q is divided by 28?
25
Let z = -15 + 28. Let h = -105 - -156. What is the remainder when h is divided by z?
12
Let o = 105 + -101. Suppose -j + 86 = -o. Calculate the remainder when j is divided by 23.
21
Suppose 3*x - 120 = -5*k, -15*k + 10*k = 15. What is the remainder when 265 is divided by x?
40
Let l = 1508 + -1417. Calculate the remainder when l is divided by 24.
19
Let z(g) = -155*g**2 + 3*g + 3. Let d be z(-1). Let x = d + 217. What is the remainder when x is divided by 16?
14
Let v(l) = 10*l + 4. Let s be v(-3). Let a = s + 28. Suppose -11 = -3*r - a*y + 15, -5*r + 38 = -2*y. What is the remainder when 14 is divided by r?
6
What is